 4616656?
2, 11, 17, 1543
List the prime factors of 1349476.
2, 337369
List the prime factors of 127271.
127271
What are the prime factors of 319594?
2, 11, 73, 199
What are the prime factors of 2260473?
3, 17, 127, 349
What are the prime factors of 424969?
43, 9883
List the prime factors of 4277566.
2, 31, 68993
What are the prime factors of 24534?
2, 3, 29, 47
What are the prime factors of 905286?
2, 3, 150881
What are the prime factors of 4667194?
2, 7, 41, 47, 173
List the prime factors of 914484.
2, 3, 76207
What are the prime factors of 6654336?
2, 3, 13, 31, 43
List the prime factors of 11380509.
3, 7, 43, 4201
What are the prime factors of 269019?
3, 71, 421
What are the prime factors of 7897041?
3, 292483
List the prime factors of 254651.
41, 6211
List the prime factors of 443547.
3, 13, 17, 223
List the prime factors of 1611302.
2, 7, 11, 10463
What are the prime factors of 30439062?
2, 3, 1051, 1609
What are the prime factors of 70240?
2, 5, 439
What are the prime factors of 34222297?
34222297
What are the prime factors of 17562309?
3, 17, 37, 41, 227
List the prime factors of 101996.
2, 43, 593
What are the prime factors of 1406634?
2, 3, 23, 10193
List the prime factors of 3401.
19, 179
List the prime factors of 3641361.
3, 283, 4289
What are the prime factors of 22051047?
3, 1553, 4733
List the prime factors of 5856650.
2, 5, 117133
What are the prime factors of 105915?
3, 5, 23, 307
List the prime factors of 2590254.
2, 3, 151, 953
What are the prime factors of 274669?
17, 107, 151
What are the prime factors of 104950?
2, 5, 2099
What are the prime factors of 152193?
3, 97, 523
What are the prime factors of 341470?
2, 5, 34147
What are the prime factors of 4866165?
3, 5, 17, 6361
What are the prime factors of 5044971?
3, 17, 31, 3191
What are the prime factors of 593606?
2, 13, 17, 79
What are the prime factors of 87162?
2, 3, 73, 199
What are the prime factors of 4108192?
2, 11, 1061
What are the prime factors of 2822059?
941, 2999
List the prime factors of 14071201.
433, 32497
List the prime factors of 346847.
151, 2297
What are the prime factors of 321312?
2, 3, 3347
List the prime factors of 5192003.
653, 7951
What are the prime factors of 7022470?
2, 5, 7, 13, 7717
What are the prime factors of 8576049?
3, 19, 43, 3499
List the prime factors of 404966.
2, 19, 10657
What are the prime factors of 158675?
5, 11, 577
List the prime factors of 1610377.
1610377
What are the prime factors of 24505398?
2, 3, 17, 53, 1511
What are the prime factors of 518288?
2, 29, 1117
What are the prime factors of 301365?
3, 5, 37, 181
What are the prime factors of 2949083?
23, 128221
What are the prime factors of 520874?
2, 137, 1901
List the prime factors of 5070362.
2, 11, 230471
List the prime factors of 8189419.
7, 97, 1723
List the prime factors of 545286.
2, 3, 7, 12983
List the prime factors of 1177769.
1177769
List the prime factors of 309398.
2, 154699
List the prime factors of 13339773.
3, 911, 1627
List the prime factors of 227415.
3, 5, 15161
What are the prime factors of 254773?
254773
List the prime factors of 371021.
7, 53003
What are the prime factors of 605262?
2, 3, 7, 14411
What are the prime factors of 6846257?
11, 17, 31, 1181
List the prime factors of 543616.
2, 31, 137
What are the prime factors of 16107176?
2, 23, 87539
List the prime factors of 838116.
2, 3, 31, 751
List the prime factors of 1399871.
11, 127261
What are the prime factors of 575705?
5, 13, 17, 521
What are the prime factors of 2334597?
3, 53, 14683
What are the prime factors of 3282313?
1171, 2803
List the prime factors of 393233.
461, 853
What are the prime factors of 887038?
2, 37, 11987
List the prime factors of 2001437.
23, 173, 503
What are the prime factors of 11270?
2, 5, 7, 23
List the prime factors of 1337329.
7, 191047
What are the prime factors of 2288224?
2, 23, 3109
List the prime factors of 1348101.
3, 47, 3187
List the prime factors of 4376250.
2, 3, 5, 389
List the prime factors of 1174619.
1174619
What are the prime factors of 2989371?
3, 7, 11, 12941
List the prime factors of 64565.
5, 37, 349
List the prime factors of 1600415.
5, 320083
What are the prime factors of 1513241?
431, 3511
What are the prime factors of 8061268?
2, 2015317
What are the prime factors of 37963?
37963
List the prime factors of 85135.
5, 17027
List the prime factors of 194415.
3, 5, 13, 997
What are the prime factors of 1763203?
13, 23, 5897
List the prime factors of 64830.
2, 3, 5, 2161
List the prime factors of 1018422.
2, 3, 29, 1951
What are the prime factors of 269959?
499, 541
List the prime factors of 5366145.
3, 5, 191, 1873
List the prime factors of 536986.
2, 268493
List the prime factors of 133741.
19, 7039
List the prime factors of 1109167.
1109167
List the prime factors of 17193604.
2, 23, 37, 5051
List the prime factors of 3663494.
2, 1831747
List the prime factors of 2799655.
5, 107, 5233
List the prime factors of 29398253.
17, 1729309
List the prime factors of 53153.
23, 2311
List the prime factors of 19691326.
2, 37, 266099
List the prime factors of 524857.
524857
What are the prime factors of 15623007?
3, 83, 62743
What are the prime factors of 732666?
2, 3, 11, 17, 653
List the prime factors of 2898988.
2, 724747
What are the prime factors of 194259?
3, 13, 17, 293
What are the prime factors of 3474294?
2, 3, 31, 18679
What are the prime factors of 10078914?
2, 3, 197, 8527
List the prime factors of 1891653.
3, 71, 83, 107
What are the prime factors of 16563168?
2, 3, 17, 199
List the prime factors of 11087761.
11087761
List the prime factors of 2162568.
2, 3, 90107
What are the prime factors of 3415325?
5, 67, 2039
What are the prime factors of 370540?
2, 5, 97, 191
List the prime factors of 657213.
3, 219071
List the prime factors of 718284.
2, 3, 7, 17, 503
List the prime factors of 990539.
11, 17, 5297
List the prime factors of 15901953.
3, 17, 311803
What are the prime factors of 55615?
5, 7, 227
List the prime factors of 2099450.
2, 5, 199, 211
What are the prime factors of 4966978?
2, 67, 101, 367
What are the prime factors of 29524824?
2, 3, 7, 23, 283
List the prime factors of 34300315.
5, 7, 67, 14627
List the prime factors of 652765.
5, 130553
List the prime factors of 713580.
2, 3, 5, 7, 1699
What are the prime factors of 1713006?
2, 3, 59, 1613
List the prime factors of 275783.
275783
List the prime factors of 2800195.
5, 560039
What are the prime factors of 187464?
2, 3, 73, 107
List the prime factors of 94143.
3, 7, 4483
What are the prime factors of 1614058?
2, 521, 1549
List the prime factors of 34218138.
2, 3, 5703023
What are the prime factors of 388414?
2, 13, 14939
What are the prime factors of 810320?
2, 5, 7, 1447
What are the prime factors of 286807?
17, 16871
List the prime factors of 5100895.
5, 31, 32909
List the prime factors of 97871.
97871
What are the prime factors of 1508677?
31, 41, 1187
List the prime factors of 206003.
7, 29429
List the prime factors of 281601.
3, 67, 467
What are the prime factors of 8186292?
2, 3, 229, 331
What are the prime factors of 274213?
274213
What are the prime factors of 2223568?
2, 31, 4483
List the prime factors of 23158138.
2, 53, 197, 1109
List the prime factors of 531765.
3, 5, 13, 101
What are the prime factors of 4585139?
13, 2087
List the prime factors of 403567.
403567
List the prime factors of 10637.
11, 967
List the prime factors of 25414349.
25414349
What are the prime factors of 2065956?
2, 3, 107, 1609
List the prime factors of 15246605.
5, 11, 29, 79
What are the prime factors of 4995045?
3, 5, 11, 10091
List the prime factors of 2223464.
2, 17, 16349
List the prime factors of 1957617.
3, 443, 491
What are the prime factors of 2411981?
11, 13, 101, 167
List the prime factors of 211585.
5, 11, 3847
List the prime factors of 341264.
2, 7, 11, 277
List the prime factors of 1069982.
2, 191, 2801
What are the prime factors of 611303?
7, 11, 17, 467
What are the prime factors of 128709?
3, 7, 227
What are the prime factors of 120032?
2, 11, 31
List the prime factors of 140249.
140249
List the prime factors of 985026.
2, 3, 7, 47, 499
List the prime factors of 7651946.
2, 19, 59, 3413
What are the prime factors of 2571720?
2, 3, 5, 29, 739
List the prime factors of 6047